 0 = -2*w + 6 + p. What are the prime factors of w?
5
Let s = -286 + 1143. What are the prime factors of s?
857
Let t(i) = i. Let p be t(4). Suppose 2*b + 2*m - 439 = m, -p*b - 3*m = -883. Suppose 4*a - b = -13. List the prime factors of a.
3, 17
Suppose -b + 85 = -3*x, -3*b - 11*x = -7*x - 268. List the prime factors of b.
2, 11
Let z = -1321 - -1906. List the prime factors of z.
3, 5, 13
List the prime factors of (-20)/(-5) - 1640/(-1 + -4).
2, 83
Let t be (-1 - (-2)/(-4))/((-9)/(-24)). What are the prime factors of t*(-21)/(-30)*(-5)/2?
7
Let m(s) be the first derivative of s**4/4 - 4*s**3/3 - s**2/2 + s - 4. Let j be m(4). What are the prime factors of (j - -6)*58/6?
29
Let f = 40 - 37. Let i(m) = 2*m**3 - 2*m**2 + 4*m - 2. What are the prime factors of i(f)?
2, 23
Let n = 17 - 12. Suppose -l = -n - 61. List the prime factors of l.
2, 3, 11
Suppose 3*g = 2*g + 2. Suppose 0 = -0*s + g*s - 38. What are the prime factors of s?
19
Suppose -4*l = 2*b - 7*l + 22, -l = 2*b + 6. Let v be 18/b - (-2)/(-5). What are the prime factors of ((-20)/(-8))/((-2)/v)?
5
Suppose -64*l + 35*l = -88189. List the prime factors of l.
3041
Let m be 0 + 6/(-9)*-60. Suppose 2*n - m = 5*g, 4*n - 123 = -g + 1. What are the prime factors of 5/n + (-178)/(-12)?
3, 5
Let j be ((-6)/4)/(7/(-644)). Suppose 103 = 4*h + 2*c + 3*c, -4*h = -2*c - j. Suppose u - h = -0*u. List the prime factors of u.
2
Suppose 0 = -f + 5*d + 11 + 60, 0 = 4*f + d - 347. List the prime factors of f.
2, 43
Suppose 9*b - b = -520. Let c = b + 191. What are the prime factors of c?
2, 3, 7
Suppose -2*m + 38 = -12. Suppose -j - 4*i + 20 = 4*j, 2*j - 5*i + m = 0. Suppose 4*t + 12 = -4*p - 0*t, j = -2*t - 10. What are the prime factors of p?
2
Let u(m) = 11*m**2 + 16*m + 63. List the prime factors of u(-4).
5, 7
Suppose 27*d = 205152 - 57084. List the prime factors of d.
2, 3, 457
Suppose -5*s + 7530 = 4*a, -30*s - 3752 = -2*a - 26*s. List the prime factors of a.
2, 5, 47
Suppose 7 + 14 = 7*p. What are the prime factors of 2/(p + 734/(-246))?
3, 41
Suppose -3*d + 5*i + 6340 = 0, 799 = d - 3*i - 1313. What are the prime factors of d?
3, 5, 47
Suppose 0 = -4*i + 4*l + 3224, 2*i - 5*l + 1619 = 4*i. List the prime factors of i.
3, 269
Suppose 0 = -18*n + 69*n - 139179. List the prime factors of n.
2729
Let h(x) = x**3 + 9*x**2 - x - 1. Suppose 4*l + 48 = 12. What are the prime factors of h(l)?
2
Suppose 22 = -8*y - 3*y. List the prime factors of (6 + -68)*5/y.
5, 31
Let w(p) = -82*p**3 - 5*p**2 - 19*p - 11. What are the prime factors of w(-3)?
5, 443
Let j = 2460 + -1346. What are the prime factors of j?
2, 557
Suppose 3*a = 4*m + 2*a - 30, 4*a = m. Let q(d) = d. Let p(z) = 4*z - 17. Let r(k) = p(k) + 4*q(k). What are the prime factors of r(m)?
47
Let z(m) = -3*m - 28. Let l(t) = 3*t - 28. Let n be l(3). What are the prime factors of z(n)?
29
Let t(g) = 2*g - 37. Let h be t(23). Let m = 39 - h. What are the prime factors of m?
2, 3, 5
What are the prime factors of 2540/6 - 5/15?
3, 47
Suppose -39*q - 12771 = -48*q. What are the prime factors of q?
3, 11, 43
Let c(w) = -3*w - 15. Let x be c(-6). Suppose x*b - 98 = 1. What are the prime factors of b?
3, 11
What are the prime factors of 2/(-11) - (-1519072)/814?
2, 3, 311
Let s = 1087 + -485. What are the prime factors of s?
2, 7, 43
Let v(j) = 152*j**2 - 40*j + 32. What are the prime factors of v(-5)?
2, 3, 7
Let h be 100/(-90) - (-3)/27. Let z(g) = -252*g**3 - g**2 - 3*g - 2. What are the prime factors of z(h)?
2, 3, 7
Let q be (-2)/6 + (240/(-18))/8. What are the prime factors of (-1265)/(-33)*(-2 - 10/q)?
5, 23
Suppose -17 = -5*j + 3*k - 2*k, 3*j = 4*k. Let g(m) = 5*m**3 - 11*m**2 + 5*m + 3. List the prime factors of g(j).
167
Suppose -7458 = -10*m + 342. List the prime factors of m.
2, 3, 5, 13
Let v be 4730/(-99) + (-2)/9. Let f = -124 + 42. Let g = v - f. What are the prime factors of g?
2, 17
Let m be 30/(-9)*-1 + 2/3. Suppose l + 167 = m*q, 0 = -6*l + 4*l - 6. What are the prime factors of q?
41
Suppose 0 = -3*t - 15, -10*t + 6*t = 5*d - 1185. What are the prime factors of d?
241
Let q(m) = -6*m**2 + m - 3. Let r be q(-3). Let b = r + 194. What are the prime factors of b?
2, 67
Let n = -225 - -216. Let m = -2 + 4. What are the prime factors of (-3)/m*138/n?
23
Let v(y) = -27 + 8*y - 8 - 9 + 7. What are the prime factors of v(15)?
83
Let a = -75 - -198. Suppose -118*v = -a*v + 310. What are the prime factors of v?
2, 31
Suppose -2*d = -10, -5*a - 4*d - d = -50. Suppose 3*w + 13 = 6*j - 5*j, -3*j - a*w - 3 = 0. What are the prime factors of j?
2
Let f(j) = -6*j**2 - 4*j - 2. Let t(v) = -5*v**2 - 3*v - 1. Let p(s) = 2*f(s) - 3*t(s). Let g be p(1). Suppose x = -g + 5. List the prime factors of x.
2
List the prime factors of 8*43 + (7 - 1).
2, 5, 7
Suppose 5336 = 8*g - 4664. What are the prime factors of g?
2, 5
Suppose -11*n + 20 = -6*n. Let l(d) = d**3 - 12*d**2 + 7*d - 12. Let x be l(12). Suppose n*w = -4*v + x, w = -w + v + 27. List the prime factors of w.
3, 5
Suppose 6*k - 3*k - 15 = 0. Suppose 5*l - 30 - k = 0. Suppose 0 = -4*a + 3*i - l*i + 60, -2*a + 3*i + 55 = 0. List the prime factors of a.
2, 5
Let j = 119 - 114. What are the prime factors of j - (-16 + 6/(-2))?
2, 3
Let o(c) = -14*c**2 + 3*c + 4. Let i be o(-3). Let q = -67 - i. List the prime factors of q.
2
Suppose 2*p + 2*i = 116, -14 - 1 = -3*i. List the prime factors of p.
53
Suppose -5*w + 0*w + 30 = 0. Let d(r) = 7*r - 14*r**2 + 1 + r**3 + 2*r - w*r. List the prime factors of d(14).
43
What are the prime factors of 10/(30/4347) + 2 + -3?
2, 181
Let w(m) = -10*m + 11. Let k(q) = q**2 - q - 5. Let x be k(0). List the prime factors of w(x).
61
Suppose 5*r - b - 24 = 0, -2*r + b + 20 = -2*b. Suppose -r*v = 3*n + 751, -3*v - v - 731 = -n. What are the prime factors of (-4)/26 + v/(-13)?
2, 7
Let g be (-3)/(-2) + -1 - (-3689)/34. Suppose -p + g = -4*l, 5*p + 0*l + l - 587 = 0. What are the prime factors of p?
3, 13
Let p = -229 - -370. Let j = 237 - p. What are the prime factors of j?
2, 3
Suppose -9 = -3*d + t + 4, -t = 5*d - 11. Let h = -1917 - -1343. What are the prime factors of d/2*h/(-21)?
41
Let z(h) = -h**2 - 2*h. Let d be z(2). Let f be (d/5)/((-4)/10). Suppose f*m = 16, -2*a + 5*m = 2*a - 24. What are the prime factors of a?
11
Suppose 0 = a + 4*s - 3018, a + 16*s - 15*s = 3024. List the prime factors of a.
2, 17, 89
Let t(p) = p**2 - 9*p - 3. Let h be t(5). Let j = 9 - h. List the prime factors of j.
2
Let r = 3 - 0. Suppose -r*a + a = -10. Suppose 4*p = -p - a*f + 300, -2*p + f = -117. What are the prime factors of p?
59
Let v(p) = p**2 + 6*p. Let i be v(-6). Suppose 9*l - 11*l + 4 = i. Suppose 4*w - 16 = 0, 3*y - l*y - 14 = -3*w. What are the prime factors of y?
2
Suppose 4*r - 3*r = 8. Suppose r*i - 7 - 33 = 0. Suppose 111 = i*c - 99. What are the prime factors of c?
2, 3, 7
Suppose 0 = -31*h + 9*h + 28050. List the prime factors of h.
3, 5, 17
Let l(c) = c**2 - 8*c + 9. Let s be l(7). Let a be 0/((s - -2)/4). List the prime factors of (-2 - (0 + a)) + 33.
31
Let m(u) = 2 + u**3 + u - 6 - 2*u + 7*u**2. Let k be m(-7). Suppose 3*g = o - 17 + k, 5*g - 10 = 0. What are the prime factors of o?
2, 5
Suppose -5*g - 20 = 0, 0 = -4*r + 7*g - 2*g - 116. Let c = r - -68. List the prime factors of c.
2, 17
Let n = 352 - -126. What are the prime factors of n?
2, 239
Let s be (4/(-10))/(10/(-5100)). Let c be (6 + -5)/(2/s). Suppose 3*q - 44 = -5*t + 18, 4*q - 3*t - c = 0. What are the prime factors of q?
2, 3
Let m(q) = 12*q**2 - 4*q. Suppose 0 = -15*i + 7*i + 32. What are the prime factors of m(i)?
2, 11
Suppose 20 = 5*k - 4*k. Let a be (5/k*0)/(-2). Suppose -139 = -4*w + 3*z, a*w - 5*w = -z - 160. List the prime factors of w.
31
Let i = 13 + -16. List the prime factors of (-2)/(-2*i/(-45)).
3, 5
Let c(r) = r**3 - 3*r**2 + 2*r - 4. Let l be c(3). List the prime factors of (6/l)/6*26.
13
Let q = 3144 + -1794. List the prime factors of q.
2, 3, 5
Suppose 1 = 3*z - 5. Suppose -268 = -6*m + z*m. List the prime factors of m.
67
Suppose 39*n - 35*n = 436. List the prime factors of n.
109
Suppose 0 = -4*c + 6*c. Suppose -2*s = -c*s + 66. Let g = 15 - s. What are the prime factors of g?
2, 3
Suppose 3*d = -2*d. Suppose a + 3*a - 16 = d. Suppose 20 - 46 = -5*v - a*o, -2*v = -3*o - 15. List the 